 u**2 - 7*u - 10. Suppose -s = -a + 8 + 1, 0 = 2*a + 3*s - 18. Calculate the remainder when 15 is divided by n(a).
7
Suppose 4*l = -3*m - 2*m + 42, l - 4*m - 21 = 0. Let g(d) = d**3 - 6*d**2 + 2*d - 5. Let y be g(6). Calculate the remainder when 2/(-7) + 261/y is divided by l.
11
Let i = 4 + 8. What is the remainder when 22 is divided by i?
10
Let b(p) = -p**3 + 9*p**2 - 8*p + 12. Let x be b(8). Suppose -3*j = j - x. Calculate the remainder when j is divided by 2.
1
Let i be 104/6*12/(-4). What is the remainder when -4 + -3*i/6 is divided by 13?
9
Let a = -11 - -11. Calculate the remainder when 63 is divided by (a - 4)/((-4)/16).
15
Suppose -o + 318 + 37 = 0. Suppose 3*r - o = -2*r. Calculate the remainder when r is divided by 24.
23
Let m(a) = -a**2 + 13*a - 11. Suppose 5 + 0 = u. Suppose -x = -u*x + 44. What is the remainder when 32 is divided by m(x)?
10
Let v(k) = -17*k - 1. What is the remainder when v(-3) is divided by (-13)/(2/(-2))*1?
11
Let l(c) = -c**2 - 12*c + 1. What is the remainder when 47 is divided by l(-11)?
11
What is the remainder when ((-345)/(-27) - -2) + 4/18 is divided by 2?
1
Calculate the remainder when 25 is divided by 1/(2 - 35/20).
1
Let m = 79 + -45. Calculate the remainder when m is divided by 9.
7
Let w = -134 + 137. Calculate the remainder when 22 is divided by w.
1
Suppose 0*o = -4*o. Suppose o = -z + 3*v + 8, -6 = -2*z + v. Calculate the remainder when 5 is divided by z.
1
Let g(k) = 5*k**2 - 4*k - 1. Let d be g(3). Suppose p = 4*w - p + 6, -3*w - 4*p = d. Calculate the remainder when w/(-20) - 109/(-5) is divided by 8.
6
What is the remainder when 2/(-8) + (-602)/(-8) is divided by 19?
18
What is the remainder when ((-3)/2 - 0/(-2))*-70 is divided by 36?
33
Suppose -104 = -3*d - 2*r, -2*d + 4*r + 21 = -27. Let z = -22 + d. What is the remainder when z is divided by (-11)/(-2) + (-1)/(-2)?
4
Calculate the remainder when 43 is divided by -2*5*9/(-6).
13
Suppose f + 63 = -133. Calculate the remainder when 32 is divided by f/(-21) - (-1)/(-3).
5
Suppose m + 5*a + 29 = 3*m, 4*a = 3*m - 26. Suppose -21 = -t + 5*j, 4*t - m*j = 2*j + 68. What is the remainder when 63 is divided by t?
15
Let d(c) = c**3 + 6*c**2 - 3*c - 3. Let l = -16 + 11. Calculate the remainder when d(l) is divided by 13.
11
Suppose 15*x = 13*x + 74. What is the remainder when 110 is divided by x?
36
Suppose -3*o = -15, -7*c + 245 = -2*c - 4*o. Let h = -30 + c. Calculate the remainder when h is divided by 12.
11
Let p(r) = -r**2 + 7*r - 5. Let o(b) = -b**2 - b + 1. Let z(g) = 2*o(g) - p(g). Calculate the remainder when z(-8) is divided by 8.
7
Let n = 16 - 4. Suppose -h - 1 + 2 = 0. Let u = 24 - h. Calculate the remainder when u is divided by n.
11
What is the remainder when 29 is divided by ((-15)/9)/((-50)/540)?
11
Suppose 2*d + 5*g = d - 7, 3*d = -5*g - 1. What is the remainder when 6 is divided by d?
0
Let a(k) = -k**3 - 12*k**2 + 12*k - 3. What is the remainder when a(-13) is divided by 4?
2
Suppose -8 = 4*i - 5*i. Suppose -26 = 2*q + 2*f, q + 5 + i = -4*f. Let j = q + 20. Calculate the remainder when j is divided by 4.
3
Suppose -s = -4*w - 1 - 14, 2*w + 4 = 4*s. Let j = -4 - -32. Calculate the remainder when j is divided by s/(-1) + (7 - -2).
8
Let a(z) = z**3 + 9*z**2 - 9*z + 4. Let x be a(-10). Let n(i) = i**3 + 7*i**2 + 4*i + 4. What is the remainder when 47 is divided by n(x)?
15
Calculate the remainder when 12*(-2 - 0)*-1 is divided by 7.
3
Let x(b) = 5*b**3 + 10*b**2 + 3*b - 3. Let g(i) = -11*i**3 - 21*i**2 - 6*i + 6. Let j(r) = 6*g(r) + 13*x(r). What is the remainder when 15 is divided by j(4)?
6
Let f be 18/4 + (-8)/16. Suppose -61 = -f*j + 111. What is the remainder when j is divided by 15?
13
Suppose -218 = -0*o + 2*o. Let v = o - -162. Calculate the remainder when v is divided by 26*1/2 - -1.
11
Let d(w) be the second derivative of w**4/12 - w**3/3 - w**2/2 - 2*w. Let y be d(5). Calculate the remainder when 25 is divided by (y/(-6))/((-1)/3).
4
Let q(n) be the second derivative of n**3/3 - 9*n**2/2 + n. Let a be q(6). Calculate the remainder when 1 is divided by ((-9)/a)/(3/(-1)).
0
Let p be (-3)/9 + (-32)/(-6). Let x(g) = g**3 - 5*g**2 + 4*g. Let u be x(4). Let f = p + u. Calculate the remainder when 9 is divided by f.
4
Let o = 11 - 25. Let f be (10/4)/((-7)/o). Suppose -6*v + 5*v + 2*j = -24, f*v + 4*j - 50 = 0. Calculate the remainder when 27 is divided by v.
13
Suppose 120 = 5*d + u, d + 3*u - 48 = -d. Calculate the remainder when d is divided by 9.
6
What is the remainder when ((-3)/(-5))/((-1)/(-85)) is divided by 27?
24
Suppose -4*o - 12 = 4*g, -g - 2 = -o - 3. Calculate the remainder when 12 is divided by g*1*(-6 + -1).
5
Suppose 7 - 277 = -3*z. Suppose 3*b + z = 8*b. Let s(p) = 5*p**2 - 3*p - 1. Calculate the remainder when s(3) is divided by b.
17
Suppose q = -2*u + 26, 2*q + 4*u = -3*q + 100. Let f = 9 - q. Let v = 9 - f. Calculate the remainder when v is divided by 9.
7
Let i(t) = -t**2 - 12*t + 10. Let v be i(-8). Suppose 5*u - 33 - v = 0. Calculate the remainder when 5/u*2*3 is divided by 2.
0
Let o(k) = k**3 + 5*k**2 - 3*k - 1. Suppose 3*v + 4 = -11. Calculate the remainder when o(v) is divided by 8.
6
Suppose -32 = -s - 10. Suppose -4*p + s - 2 = 0. Calculate the remainder when 18 is divided by p.
3
Let z(m) = 4*m - 3. Let s(y) = -3*y + 3. Let h(f) = -6*s(f) - 5*z(f). Let q be h(-5). Let o(x) = 2*x - 3. What is the remainder when 31 is divided by o(q)?
9
Suppose 3*h - 48 = -h. Let o be ((-1)/1)/((-3)/h). Suppose 2*k = z + 32, o*k + 3*z = 69 - 15. What is the remainder when 42 is divided by k?
12
Suppose i - 2*q + 1 = 0, -2*i - i = 5*q + 14. What is the remainder when 6*(18/4 + i) is divided by 5?
4
Let h = 37 - 3. Suppose 3*w = 2*w - 2*y + 5, -2*w = -4*y - h. Let t(r) = r**3 + 7*r**2 + 2*r + 7. What is the remainder when t(-6) is divided by w?
9
Let g(u) = u**2 - 2*u - 3. Let y(x) = -x**3 - 4*x**2 - 4*x - 3. Let j be y(-2). What is the remainder when 47 is divided by g(j)?
11
Let t be (28/6)/(14/315). Let d = t + -64. What is the remainder when d is divided by 11?
8
Let q = 61 - 43. Suppose 4*y - 143 = 5*p, -5 = y + 2*p - 31. Calculate the remainder when y is divided by q.
14
Let f(q) = q**3 - q**2 - 4*q + 2. Let l(d) = 2*d**2 + 3*d + 1. Let n be l(-2). What is the remainder when 22 is divided by f(n)?
6
Let v = 164 - 102. What is the remainder when v is divided by 19 + (6/(-2) - -5)?
20
Suppose 2*p - 14 = 2*v, -4 = 3*p + 2*v - 0*v. Calculate the remainder when 9 is divided by p.
1
Let g = 3 + -2. Suppose 0 = 2*o + 6 - 16. What is the remainder when 13 + g/(1/1) is divided by o?
4
Let o be 2 + (0 - 3) + 3. Suppose -2 = o*l - 24. Calculate the remainder when 30 is divided by l.
8
Let u = -64 - -92. Let b = u + -14. Suppose 0*w + 27 = w. What is the remainder when w is divided by b?
13
Let h = 6 + -8. Let c(m) = 8*m**2 - 2*m - 3. Let w(x) = -9*x**2 + 2*x + 3. Let o(f) = 3*c(f) + 2*w(f). What is the remainder when o(h) is divided by 13?
12
Suppose -3*f + 5*g + 36 = -26, -2*f - 3*g = -73. Calculate the remainder when f is divided by 0 + 3 + (-9)/12*-4.
5
Let y(a) = a + 6. Let b be y(-6). Suppose b = -2*p - 3*p. Suppose -o + 8 = -p. What is the remainder when o is divided by 3?
2
Let k = 25 - 15. Let g = 12 - -6. Calculate the remainder when g is divided by k.
8
Suppose 6*g - 14 = 58. Suppose -3*y - 24 + 159 = 0. Calculate the remainder when y is divided by g.
9
Let s(z) = -11*z - 3. Suppose 5 + 2 = -n. What is the remainder when s(n) is divided by 25?
24
Suppose 4*m + o = 49, -m + 6*m = -5*o + 50. Suppose -m = 3*f + 14. What is the remainder when (6/f)/(2/(-48)) is divided by 6?
4
Suppose 3*g - 15 = 9. Let w(v) = -3 + 3 - 14*v + 1. What is the remainder when w(-1) is divided by g?
7
Suppose 5*z + 24 = t, -4*z - 16 - 5 = t. Let u be (t - -8 - -1) + 1. Suppose 3*b = 2*b + u. Calculate the remainder when 25 is divided by b.
7
Suppose 0 = 5*g + b - 70, 28 = 2*g + 3*b - 6*b. Let w be 3/6*1*0. Suppose 15 = 3*l - w. Calculate the remainder when g is divided by l.
4
Suppose 45 = -5*x - 4*h - 0*h, 3*h + 20 = -x. Let j(t) = t + 6. Let f be j(x). Calculate the remainder when (86/(-6))/(f/(-3)) is divided by 15.
13
Let k(d) = -d**2 - 5*d + 2. Let l be k(-4). Let b(i) = i**3 - 6*i**2 - i + 8. What is the remainder when b(l) i